common factor of 741979172 and 11.
11
Calculate the highest common divisor of 194 and 127713886.
194
What is the highest common divisor of 22131 and 70857?
9
What is the highest common divisor of 12 and 102615576?
12
What is the highest common divisor of 3243 and 2420106?
69
Calculate the greatest common divisor of 176433 and 166205.
2557
Calculate the greatest common divisor of 2981 and 221896697.
2981
What is the greatest common divisor of 16386 and 3779704?
5462
Calculate the greatest common factor of 418560 and 41420.
2180
Calculate the greatest common factor of 105 and 28498092.
21
What is the highest common divisor of 40 and 208040260?
20
What is the highest common factor of 256 and 19372?
4
Calculate the highest common divisor of 1035332 and 46964.
236
Calculate the highest common divisor of 75 and 479941575.
75
Calculate the greatest common divisor of 4625940 and 6820.
220
What is the greatest common factor of 4583761 and 85085?
1547
Calculate the greatest common divisor of 98 and 70064554.
14
What is the highest common factor of 21049796 and 46436?
3572
What is the greatest common factor of 38947 and 1071289?
493
What is the highest common divisor of 331235 and 3410?
155
What is the highest common divisor of 652883945 and 1855?
1855
What is the greatest common divisor of 21658 and 836332?
1666
What is the highest common factor of 5500783 and 1096714?
2459
What is the greatest common factor of 593649 and 398209?
2443
Calculate the highest common divisor of 1128 and 200.
8
What is the highest common divisor of 84623 and 10634470?
539
What is the greatest common divisor of 2332766830 and 365?
365
What is the highest common divisor of 237 and 33120434?
79
What is the greatest common divisor of 510354 and 31590?
702
What is the highest common factor of 255 and 12175?
5
What is the greatest common divisor of 148392 and 1593153?
2061
What is the greatest common divisor of 1216 and 219463984?
304
Calculate the greatest common factor of 1940307 and 27243.
3027
Calculate the greatest common factor of 600491453 and 5494.
2747
Calculate the greatest common divisor of 960 and 14350920.
120
What is the greatest common factor of 10077 and 867?
3
Calculate the highest common divisor of 20 and 7806480.
20
Calculate the highest common divisor of 2856 and 368809056.
168
What is the greatest common factor of 29711988 and 96?
12
What is the greatest common factor of 69 and 522179005?
23
What is the highest common divisor of 10752 and 846132?
84
Calculate the greatest common divisor of 13336 and 21512.
8
Calculate the highest common factor of 348189 and 189807.
1257
Calculate the highest common factor of 215890552 and 142.
142
Calculate the greatest common divisor of 33320 and 4102.
14
What is the greatest common divisor of 45200 and 9810?
10
What is the highest common factor of 4030739 and 725?
29
Calculate the highest common factor of 509089 and 26432.
7
Calculate the highest common divisor of 136444 and 36326.
886
Calculate the highest common divisor of 47 and 7308735.
47
What is the highest common factor of 243 and 413613?
27
What is the highest common divisor of 393594749 and 327?
109
Calculate the highest common divisor of 25696 and 1545337.
73
Calculate the greatest common divisor of 200237145 and 685.
685
Calculate the highest common divisor of 120390240 and 840.
120
Calculate the greatest common divisor of 2076425 and 200.
25
What is the greatest common factor of 1216 and 3926597?
19
Calculate the greatest common factor of 361 and 69630763.
361
Calculate the greatest common divisor of 1275 and 189217650.
1275
What is the greatest common divisor of 22 and 27258363?
11
What is the highest common factor of 17328731 and 16265?
3253
Calculate the highest common factor of 13794 and 17230884.
726
Calculate the greatest common divisor of 963 and 12192543.
963
Calculate the highest common factor of 3577 and 87661.
49
Calculate the highest common divisor of 68664 and 61736.
8
What is the highest common divisor of 61319 and 21541004?
3607
Calculate the greatest common factor of 33786 and 79398.
18
Calculate the greatest common divisor of 1308 and 3901328.
436
What is the greatest common factor of 4116 and 636972?
84
Calculate the highest common factor of 3126015 and 585.
45
Calculate the highest common factor of 27 and 167934384.
27
Calculate the highest common divisor of 53719156 and 19.
19
What is the highest common factor of 2636488 and 18104?
248
What is the highest common factor of 406 and 71218?
14
Calculate the greatest common factor of 219 and 35991409.
73
What is the highest common factor of 69842 and 369890?
94
What is the highest common divisor of 138 and 4646759?
23
What is the greatest common divisor of 72874 and 51626?
166
Calculate the highest common divisor of 194698 and 112.
14
What is the greatest common factor of 3067695 and 12?
3
What is the highest common factor of 261 and 802647?
9
What is the highest common divisor of 103486167 and 540?
27
What is the greatest common divisor of 1150822 and 88835?
109
What is the highest common divisor of 90837229 and 98?
49
Calculate the highest common divisor of 16293086 and 118.
118
What is the highest common divisor of 56 and 260512552?
8
Calculate the greatest common divisor of 82735 and 450.
5
What is the greatest common divisor of 47044640 and 10?
10
Calculate the greatest common divisor of 2478125 and 1069250.
1625
Calculate the greatest common factor of 33 and 37195917.
33
What is the highest common factor of 2386 and 363552434?
2386
What is the greatest common divisor of 436128 and 196896?
672
Calculate the greatest common divisor of 9323703 and 2085.
417
Calculate the greatest common divisor of 12 and 54207396.
12
Calculate the greatest common factor of 1432 and 92903506.
358
What is the highest common divisor of 24 and 39929360?
8
Calculate the highest common factor of 8865 and 465.
15
What is the highest common divisor of 168 and 1594236?
84
What is the greatest common divisor of 15843708 and 162?
54
Calculate the greatest common factor of 360 and 7590120.
120
What is the highest common factor of 8844 and 64687964?
2948
What is the greatest common factor of 13725352 and 1608?
536
What is the highest common factor of 150 and 11747622?
6
What is the highest common divisor of 57415407 and 147?
147
What is the greatest common divisor of 100112355 and 79?
79
What is the greatest common divisor of 118031989 and 18327?
6109
Calculate the greatest common factor of 27512 and 487533274.
6878
What is the highest common divisor of 95317479 and 53?
53
Calculate the greatest common factor of 1753 and 3180234751.
1753
Calculate the greatest common divisor of 26705 and 1340155.
545
What is the highest common divisor of 16 and 10625704?
8
Calculate the highest common factor of 11544122 and 789.
263
What is the greatest common factor of 54692 and 8834452?
484
Calculate the greatest common factor of 1060 and 52502065.
265
What is the greatest common divisor of 74562 and 2292926?
578
What is the greatest common divisor of 135436 and 64302?
14
Calculate the highest common factor of 89360788 and 20086.
1826
What is the highest common divisor of 3926 and 1752808?
302
What is the greatest common factor of 1074842419 and 7?
7
What is the highest common divisor of 1213 and 264629293?
1213
Calculate the highest common factor of 105 and 2828364.
21
Calculate the highest common divisor of 1525 and 443059165.
305
Calculate the greatest common divisor of 3084363 and 729.
9
Calculate the greatest common factor of 68 and 13673049.
17
What is the greatest common divisor of 66651 and 1809912?
39
What is the highest common factor of 69 and 2921265?
3
What is the highest common factor of 450 and 109580940?
90
What is the highest common divisor of 3439 and 5985489?
181
What is the highest common factor of 1 and 102077?
1
Calculate the greatest common divisor of 43856 and 170824.
8
What is the highest common divisor of 4892945 and 5050?
505
Calculate the highest common divisor of 4107 and 480.
3
What is the highest common factor of 500 and 15906160?
20
Calculate the highest common divisor of 483 and 43871097.
69
What is the highest common factor of 5702556 and 1228284?
2676
Calculate the highest common divisor of 1310720 an